of 14?
True
Is 12 a factor of 927964716?
True
Is 15 a factor of 17451780?
True
Is 779 a factor of 3576766?
False
Is 33957120 a multiple of 1776?
True
Does 54 divide 4961898?
True
Is 5823566 a multiple of 3?
False
Is 39 a factor of 116825943?
True
Is 578 a factor of 478091344?
False
Is 584 a factor of 40527848?
True
Is 57 a factor of 735386925?
True
Does 26 divide 322924537?
False
Is 74748199 a multiple of 15?
False
Is 210749136 a multiple of 3?
True
Is 362255838 a multiple of 308?
False
Is 15665624 a multiple of 338?
True
Is 47 a factor of 610310275?
True
Is 571474354 even?
True
Is 59 a factor of 626745855?
False
Does 210 divide 887968801?
False
Is 1497938 a multiple of 200?
False
Does 180 divide 60428611?
False
Is 741011683 a multiple of 40?
False
Is 1801 a factor of 74748704?
True
Is 17 a factor of 12068725?
True
Does 14 divide 14367794?
True
Does 1225 divide 23088800?
True
Is 505649380 a multiple of 157?
False
Does 100 divide 103677500?
True
Is 42587545 a multiple of 455?
True
Is 2381383520 a multiple of 40?
True
Does 26 divide 1631070246?
True
Is 145797508 a multiple of 1103?
False
Is 303293040 a multiple of 3540?
True
Is 1493 a factor of 460649481?
False
Is 56 a factor of 921223576?
True
Does 12 divide 6876876?
True
Is 88 a factor of 102569544?
True
Is 2183 a factor of 413266878?
False
Is 1030657122 a multiple of 54?
True
Is 216 a factor of 9581544?
True
Is 202964353 a multiple of 34?
False
Is 240902256 a multiple of 168?
True
Is 495 a factor of 38695218?
False
Is 44464800 a multiple of 60?
True
Is 165267038 a multiple of 1628?
False
Does 258 divide 320424495?
False
Is 17733023 a multiple of 77?
True
Is 139 a factor of 2437029?
False
Does 1131 divide 168009562?
False
Does 78 divide 171725905?
False
Is 275 a factor of 3366825?
True
Is 46092816 a multiple of 11?
True
Does 205 divide 86051415?
True
Does 114 divide 20583866?
False
Does 10 divide 31531520?
True
Is 36113252 a multiple of 1379?
True
Does 2 divide 282955654?
True
Is 19 a factor of 3215294?
True
Does 405 divide 314847921?
False
Is 416 a factor of 45407734?
False
Is 986389011 a multiple of 51?
True
Does 22 divide 141694058?
True
Is 733993495 a multiple of 5419?
False
Is 26338032 a multiple of 1827?
True
Does 1873 divide 285638119?
True
Does 1213 divide 991851905?
True
Does 338 divide 5410313?
False
Is 603360595 a multiple of 9?
False
Does 1943 divide 121625971?
True
Does 423 divide 8289291?
False
Does 537 divide 21889194?
True
Does 499 divide 40182973?
True
Is 1628 a factor of 103737788?
True
Is 139 a factor of 1115460961?
True
Does 26 divide 113382532?
False
Is 114 a factor of 278492196?
True
Is 1551421623 a multiple of 483?
False
Does 10 divide 48914334?
False
Does 247 divide 2855814?
True
Is 78296188 a multiple of 38?
True
Is 4611 a factor of 5661390411?
True
Is 60516528 a multiple of 237?
True
Does 83 divide 336313012?
True
Does 299 divide 156723541?
True
Does 2246 divide 22981072?
True
Does 5043 divide 1389482661?
True
Is 67693201 a multiple of 17?
True
Is 1676067167 a multiple of 3027?
False
Is 97 a factor of 51568498?
True
Is 313897141 a multiple of 16?
False
Is 10622534 a multiple of 127?
True
Is 22 a factor of 768603820?
False
Is 4 a factor of 124424248?
True
Is 32937178 a multiple of 822?
False
Is 65801986 a multiple of 81?
False
Is 315583760 a multiple of 211?
False
Does 14 divide 23724374?
False
Is 212 a factor of 178646441?
False
Is 683 a factor of 191013715?
False
Does 5 divide 1177343625?
True
Does 10 divide 236055933?
False
Is 26584740 a multiple of 585?
True
Does 87 divide 651630?
True
Is 7922861 a multiple of 144?
False
Is 2917006740 a multiple of 9453?
True
Does 18 divide 11812086?
True
Is 15 a factor of 45684735?
True
Does 7 divide 67771571?
True
Is 427682676 a multiple of 41?
False
Is 63 a factor of 290637900?
True
Is 21270536 a multiple of 34?
True
Is 491 a factor of 41775753?
True
Is 6689228 a multiple of 476?
True
Is 127394150 a multiple of 2028?
False
Is 238 a factor of 429045932?
True
Is 91 a factor of 749287361?
False
Is 2745 a factor of 75105945?
True
Does 25 divide 722206975?
True
Is 521477600 a multiple of 53?
True
Is 174153840 a multiple of 240?
True
Is 27 a factor of 6253314?
False
Does 35 divide 355130480?
False
Is 1445776961 a multiple of 152?
False
Does 329 divide 1245594?
True
Is 1112 a factor of 4018103541?
False
Does 1020 divide 271675980?
True
Does 27 divide 1459346717?
False
Does 36 divide 2071551420?
True
Is 129 a factor of 5263048167?
True
Is 7621182 a multiple of 963?
True
Is 3643820 a multiple of 38?
True
Does 47 divide 267964343?
True
Is 41 a factor of 8305424?
False
Does 4665 divide 299375933?
False
Is 215 a factor of 912523855?
True
Is 10 a factor of 38505051?
False
Is 188 a factor of 42306601?
False
Is 41040415 a multiple of 7577?
False
Does 1495 divide 438175862?
False
Does 7754 divide 652301409?
False
Is 58 a factor of 146586010?
True
Is 31894679 a multiple of 41?
True
Does 322 divide 26070617?
False
Is 137 a factor of 49294983?
False
Is 28 a factor of 46813616?
False
Does 2 divide 15639222?
True
Is 38 a factor of 14217763?
False
Does 229 divide 76119829?
True
Is 631 a factor of 2189570?
True
Is 92157298 a multiple of 64?
False
Does 130 divide 89775660?
True
Does 57 divide 217768107?
False
Is 268 a factor of 829960640?
False
Is 33 a factor of 270306399?
True
Does 4706 divide 1586185536?
True
Does 633 divide 861375006?
True
Is 10 a factor of 164615880?
True
Does 143 divide 8172959?
False
Does 21 divide 1192622?
False
Does 95 divide 100969088?
False
Is 92 a factor of 9914506?
False
Is 3 a factor of 4779806?
False
Is 17 a factor of 222150390?
True
Is 77323896 a multiple of 2412?
True
Does 429 divide 1550401145?
False
Does 687 divide 55422098?
False
Is 73 a factor of 915886178?
True
Does 8404 divide 189081596?
True
Does 367 divide 63520727?
True
Is 61044830 a multiple of 154?
True
Is 75 a factor of 73527900?
True
Does 8 divide 182753776?
True
Does 14 divide 42088203?
False
Does 101 divide 56342721?
False
Is 11 a factor of 92564831?
False
Does 16 divide 235494429?
False
Does 216 divide 21013909?
False
Is 169353235 a multiple of 351?
False
Does 99 divide 12400245?
True
Is 339 a factor of 480628098?
True
Is 74 a factor of 19103653?
False
Does 208 divide 486222048?
True
Is 42583806 a multiple of 1567?
False
Is 32889870 a multiple of 8?
False
Does 39 divide 98623356?
True
Is 53974439 a multiple of 1149?
False
Is 1523 a factor of 66142243?
False
Is 23335071 a multiple of 325?
False
Is 5396 a factor of 195988116?
True
Is 2333 a factor of 61446554?
True
Is 7 a factor of 88639932?
False
Is 275 a factor of 20667075?
True
Is 105503045 a multiple of 1414?
False
Does 11 divide 16932173?
False
Does 11 divide 15932923?
False
Does 22 divide 7932518?
True
Does 8 divide 89215352?
True
Does 398 divide 199070747?
False
Is 318 a factor of 1761185124?
True
Is 22600736 a multiple of 496?
True
Is 123297791 a multiple of 267?
False
Is 2018 a factor of 1789387780?
False
Is 3240083 a multiple of 29?
True
Is 435286036 a multiple of 20?
False
Does 59 divide 111321731?
True
Is 3135852 a multiple of 4?
True
Does 595 divide 845129157?
False
Is 36080987 a multiple of 11?
False
Does 110 divide 14989150?
True
Is 182225190 a multiple of 157?
True
Is 27203768 a multiple of 83?
False
Does 441 divide 36760437?
True
Is 506274344 a multiple of 3634?
True
Is 19 a factor of 34845605?
False
Is 17639967 a multiple of 29?
False
Does 3862 divide 1100936478?
True
Is 177 a factor of 4497537963?
True
Is 3774 a factor of 429020772?
True
Is 125498274 a multiple of 11?
True
Does 2759 divide 1109116243?
False
Does 114 divide 92618616?
True
Is 340 a factor of 76101520?
True
Is 67546301 a multiple of 2?
False
Does 679 divide 127980718?
False
Does 8 divide 529103832?
True
Is 113 a factor of 997231780?
True
Does 20 divide 1263541325?
False
Does 512 divide 1315375104?
True
Is 69 a factor of 48852?
True
Does 2682 divide 737802108?
True
Is 28732631 a multiple of 13?
False
Is 41530038 a multiple of 49?
False
Does 28 divide 1280888?
True
Is 8 a factor of 848291?
False
Is 9371519 a multiple of 139?
True
Is 53189548 a multiple of 1388?
True
Does 13 divide 52812085?
False
Is 252683976 a multiple of 11?
False
Is 1563377708 a multiple of 332?
True
Is 28910136 a multiple of 3594?
True
Is 17536421 a 